{"id":7034,"date":"2023-11-25T17:29:36","date_gmt":"2023-11-25T17:29:36","guid":{"rendered":"https:\/\/wandell.se\/trofasthund\/?page_id=7034"},"modified":"2024-04-14T14:27:45","modified_gmt":"2024-04-14T14:27:45","slug":"personlig-traning","status":"publish","type":"page","link":"https:\/\/wandell.se\/trofasthund\/personlig-traning\/","title":{"rendered":"Andra tj\u00e4nster"},"content":{"rendered":"\t\t<div data-elementor-type=\"wp-page\" data-elementor-id=\"7034\" class=\"elementor elementor-7034\">\n\t\t\t\t\t\t<section class=\"elementor-section elementor-top-section elementor-element elementor-element-ae7ec6e elementor-section-boxed elementor-section-height-default elementor-section-height-default\" data-id=\"ae7ec6e\" data-element_type=\"section\" data-e-type=\"section\">\n\t\t\t\t\t\t<div class=\"elementor-container elementor-column-gap-default\">\n\t\t\t\t\t<div class=\"elementor-column elementor-col-100 elementor-top-column elementor-element elementor-element-78ed6bd5\" data-id=\"78ed6bd5\" data-element_type=\"column\" data-e-type=\"column\">\n\t\t\t<div class=\"elementor-widget-wrap\">\n\t\t\t\t\t\t\t<\/div>\n\t\t<\/div>\n\t\t\t\t\t<\/div>\n\t\t<\/section>\n\t\t\t\t<section class=\"elementor-section elementor-top-section elementor-element elementor-element-7d1bb2b3 elementor-section-boxed elementor-section-height-default elementor-section-height-default\" data-id=\"7d1bb2b3\" data-element_type=\"section\" data-e-type=\"section\">\n\t\t\t\t\t\t<div class=\"elementor-container elementor-column-gap-default\">\n\t\t\t\t\t<div class=\"elementor-column elementor-col-100 elementor-top-column elementor-element elementor-element-2712b0ed\" data-id=\"2712b0ed\" data-element_type=\"column\" data-e-type=\"column\" data-settings=\"{&quot;background_background&quot;:&quot;classic&quot;}\">\n\t\t\t<div class=\"elementor-widget-wrap elementor-element-populated\">\n\t\t\t\t\t<div class=\"elementor-background-overlay\"><\/div>\n\t\t\t\t\t\t<div class=\"elementor-element elementor-element-cddbd47 elementor-widget elementor-widget-heading\" data-id=\"cddbd47\" data-element_type=\"widget\" data-e-type=\"widget\" data-widget_type=\"heading.default\">\n\t\t\t\t<div class=\"elementor-widget-container\">\n\t\t\t\t\t<h2 class=\"elementor-heading-title elementor-size-default\">Hundmass\u00f6r<\/h2>\t\t\t\t<\/div>\n\t\t\t\t<\/div>\n\t\t\t\t<div class=\"elementor-element elementor-element-6470ee84 elementor-widget elementor-widget-text-editor\" data-id=\"6470ee84\" data-element_type=\"widget\" data-e-type=\"widget\" data-widget_type=\"text-editor.default\">\n\t\t\t\t<div class=\"elementor-widget-container\">\n\t\t\t\t\t\t\t\t\t<p>Trofasthund samarbetar med Lena Tingstr\u00f6m som \u00e4r utbildad och diplomerad via Axelsons Animal Massage School i Stockholm. Hon utbildar sig nu \u00e4ven till hundfysioterapeut hos Stefan Ros\u00e9n p\u00e5 ReDog. Lena kommer regelbundet till Trofasthund men g\u00e5r ocks\u00e5 att boka f\u00f6r hembes\u00f6k.\u00a0<\/p>\t\t\t\t\t\t\t\t<\/div>\n\t\t\t\t<\/div>\n\t\t\t\t<div class=\"elementor-element elementor-element-425cafeb elementor-align-center elementor-widget elementor-widget-button\" data-id=\"425cafeb\" data-element_type=\"widget\" data-e-type=\"widget\" data-widget_type=\"button.default\">\n\t\t\t\t<div class=\"elementor-widget-container\">\n\t\t\t\t\t\t\t\t\t<div class=\"elementor-button-wrapper\">\n\t\t\t\t\t<a class=\"elementor-button elementor-size-md\" role=\"button\">\n\t\t\t\t\t\t<span class=\"elementor-button-content-wrapper\">\n\t\t\t\t\t\t\t\t\t<span class=\"elementor-button-text\">0736 - 71 71 68<\/span>\n\t\t\t\t\t<\/span>\n\t\t\t\t\t<\/a>\n\t\t\t\t<\/div>\n\t\t\t\t\t\t\t\t<\/div>\n\t\t\t\t<\/div>\n\t\t\t\t\t<\/div>\n\t\t<\/div>\n\t\t\t\t\t<\/div>\n\t\t<\/section>\n\t\t<div class=\"elementor-element elementor-element-5b7c432 e-flex e-con-boxed e-con e-parent\" data-id=\"5b7c432\" data-element_type=\"container\" data-e-type=\"container\">\n\t\t\t\t\t<div class=\"e-con-inner\">\n\t\t\t\t\t<\/div>\n\t\t\t\t<\/div>\n\t\t\t\t<\/div>\n\t\t","protected":false},"excerpt":{"rendered":"<p>Hundmass\u00f6r Trofasthund samarbetar med Lena Tingstr\u00f6m som \u00e4r utbildad och diplomerad via Axelsons Animal Massage School i Stockholm. Hon utbildar sig nu \u00e4ven till hundfysioterapeut hos Stefan Ros\u00e9n p\u00e5 ReDog. &hellip; <\/p>\n<p class=\"link-more\"><a href=\"https:\/\/wandell.se\/trofasthund\/personlig-traning\/\" class=\"more-link\">L\u00e4s mer<span class=\"screen-reader-text\"> \u201dAndra tj\u00e4nster\u201d<\/span><\/a><\/p>\n","protected":false},"author":1,"featured_media":0,"parent":0,"menu_order":0,"comment_status":"closed","ping_status":"closed","template":"page-templates\/full-width-builder-bb.php","meta":{"inspiro_hide_title":false,"footnotes":""},"class_list":["post-7034","page","type-page","status-publish","hentry"],"jetpack-related-posts":[],"jetpack_sharing_enabled":true,"featured_media_urls":[],"_links":{"self":[{"href":"https:\/\/wandell.se\/trofasthund\/wp-json\/wp\/v2\/pages\/7034","targetHints":{"allow":["GET"]}}],"collection":[{"href":"https:\/\/wandell.se\/trofasthund\/wp-json\/wp\/v2\/pages"}],"about":[{"href":"https:\/\/wandell.se\/trofasthund\/wp-json\/wp\/v2\/types\/page"}],"author":[{"embeddable":true,"href":"https:\/\/wandell.se\/trofasthund\/wp-json\/wp\/v2\/users\/1"}],"replies":[{"embeddable":true,"href":"https:\/\/wandell.se\/trofasthund\/wp-json\/wp\/v2\/comments?post=7034"}],"version-history":[{"count":10,"href":"https:\/\/wandell.se\/trofasthund\/wp-json\/wp\/v2\/pages\/7034\/revisions"}],"predecessor-version":[{"id":7060,"href":"https:\/\/wandell.se\/trofasthund\/wp-json\/wp\/v2\/pages\/7034\/revisions\/7060"}],"wp:attachment":[{"href":"https:\/\/wandell.se\/trofasthund\/wp-json\/wp\/v2\/media?parent=7034"}],"curies":[{"name":"wp","href":"https:\/\/api.w.org\/{rel}","templated":true}]}}